e
Is 25143779 a prime number?
False
Is 3074747 a prime number?
False
Is 10720517 composite?
True
Is 22398391 a prime number?
True
Is 707407 composite?
False
Is 38502221 a composite number?
True
Is 35160869 a prime number?
False
Is 4279559 a composite number?
True
Is 3633407 a prime number?
False
Is 34186307 a composite number?
False
Is 1800823 prime?
True
Is 1215421 composite?
False
Is 17757557 a composite number?
False
Is 15819677 a composite number?
False
Is 1977809 prime?
True
Is 35002673 prime?
False
Is 42872309 composite?
False
Is 202685467 prime?
True
Is 9893293 composite?
False
Is 1477169 prime?
True
Is 28999599 a composite number?
True
Is 285888199 composite?
False
Is 31060409 composite?
True
Is 2456057 composite?
False
Is 167858191 a prime number?
True
Is 24493237 prime?
True
Is 2223062 a composite number?
True
Is 3267443 a composite number?
False
Is 782129 a composite number?
False
Is 276480805 prime?
False
Is 11953897 a composite number?
False
Is 7600727 a composite number?
False
Is 1923917 prime?
True
Is 3284894 composite?
True
Is 423739 a prime number?
False
Is 1917427 prime?
True
Is 77715907 a composite number?
True
Is 26803309 prime?
False
Is 129346853 prime?
True
Is 20995243 a prime number?
False
Is 3588367 a prime number?
False
Is 2354831 composite?
False
Is 23447611 a prime number?
False
Is 4072513 prime?
True
Is 2961769 a composite number?
False
Is 91790383 a prime number?
True
Is 19553 a prime number?
True
Is 16893407 a prime number?
False
Is 69925381 composite?
False
Is 15658809 a composite number?
True
Is 29690795 a composite number?
True
Is 1670909 composite?
True
Is 16290691 a composite number?
False
Is 57303641 a prime number?
False
Is 170410283 prime?
True
Is 943183 prime?
True
Is 75797459 composite?
True
Is 543321643 a composite number?
False
Is 216354401 a composite number?
False
Is 2018879 a composite number?
True
Is 12534635 a prime number?
False
Is 6688967 a prime number?
True
Is 1404633977 composite?
False
Is 20112277 prime?
True
Is 99497627 prime?
False
Is 7519514 a composite number?
True
Is 14517427 a composite number?
False
Is 4823149 a prime number?
True
Is 581369 prime?
True
Is 49425923 composite?
False
Is 23784095 composite?
True
Is 79398251 composite?
False
Is 14493 prime?
False
Is 104106889 prime?
False
Is 4472957 a composite number?
False
Is 18758783 a composite number?
False
Is 3855533 prime?
False
Is 90961163 composite?
False
Is 54399271 composite?
False
Is 235252351 composite?
False
Is 1004797 a prime number?
True
Is 415085969 a composite number?
True
Is 275678063 prime?
True
Is 1781433181 a composite number?
True
Is 75883081 prime?
False
Is 26031701 prime?
True
Is 734527 prime?
False
Is 6231763 prime?
False
Is 19718603 a composite number?
False
Is 352489 prime?
True
Is 4670291 prime?
False
Is 1020631 prime?
True
Is 52592195 a prime number?
False
Is 4971067 prime?
False
Is 11162431 a composite number?
True
Is 66999313 composite?
False
Is 240906521 prime?
True
Is 77372149 composite?
True
Is 189521 a prime number?
False
Is 3560929 a composite number?
True
Is 20961905 a composite number?
True
Is 406343 a prime number?
False
Is 1013491 prime?
False
Is 3496909 prime?
False
Is 41277883 a composite number?
True
Is 16757131 a composite number?
False
Is 91614283 prime?
True
Is 6892913 prime?
True
Is 41388355 composite?
True
Is 217429969 a prime number?
False
Is 2064919 prime?
True
Is 43690163 a composite number?
True
Is 8200271 a prime number?
True
Is 3887879 prime?
False
Is 2459657 prime?
True
Is 2032909 prime?
True
Is 17960441 composite?
False
Is 8412881 a composite number?
False
Is 8364821 composite?
False
Is 20818597 a prime number?
True
Is 4820866 composite?
True
Is 32916263 a prime number?
True
Is 4705291 a composite number?
False
Is 92944589 a prime number?
False
Is 1146980623 composite?
True
Is 552301 a prime number?
True
Is 2827079 a composite number?
False
Is 3591017 composite?
False
Is 93754523 a prime number?
False
Is 105817 prime?
True
Is 116412797 a prime number?
True
Is 93371503 composite?
True
Is 2037437 composite?
False
Is 270721 prime?
False
Is 90708767 a composite number?
True
Is 1245851 a prime number?
False
Is 12789121 composite?
False
Is 517854209 a prime number?
True
Is 5255407 a prime number?
True
Is 430912427 a composite number?
True
Is 7721891 a prime number?
True
Is 4279741 prime?
True
Is 10416239 prime?
False
Is 16875283 a prime number?
False
Is 56041549 composite?
False
Is 17534441 a composite number?
True
Is 33970987 a composite number?
True
Is 4627381 composite?
True
Is 1355917 a composite number?
False
Is 6194663 composite?
False
Is 46949198 a prime number?
False
Is 25030723 a prime number?
True
Is 2982173 a composite number?
False
Is 55479 composite?
True
Is 17286253 a composite number?
False
Is 4916683 a composite number?
False
Is 19661 a composite number?
False
Is 61240961 composite?
True
Is 8264953 a prime number?
True
Is 6832831 prime?
True
Is 1361047 a composite number?
False
Is 26567789 a composite number?
True
Is 100217717 composite?
False
Is 191371 a prime number?
False
Is 385688509 composite?
False
Is 18490799 a composite number?
True
Is 3735101 a prime number?
True
Is 2167469 composite?
False
Is 256031483 composite?
False
Is 5203459 a composite number?
True
Is 195447163 a composite number?
True
Is 29612353 a prime number?
False
Is 35250218 composite?
True
Is 58227485 composite?
True
Is 199655447 prime?
True
Is 174061067 a composite number?
False
Is 20768479 a prime number?
True
Is 2100313 a composite number?
False
Is 16595503 a composite number?
False
Is 6561033 composite?
True
Is 15178849 a prime number?
False
Is 151459939 a prime number?
False
Is 62163157 a prime number?
False
Is 19121 composite?
False
Is 15287471 a composite number?
True
Is 27643807 a prime number?
True
Is 139431151 composite?
False
Is 138133519 prime?
True
Is 62301653 prime?
True
Is 113189749 a composite number?
False
Is 6564697 a prime number?
False
Is 429154313 composite?
True
Is 63934477 prime?
False
Is 33368443 a composite number?
False
Is 7270589 prime?
False
Is 20928499 a prime number?
True
Is 51882751 prime?
True
Is 3871051 prime?
False
Is 18857341 a prime number?
False
Is 414881 prime?
False
Is 844271 prime?
False
Is 805489 composite?
True
Is 41437547 a prime number?
True
Is 182647 composite?
True
Is 1086053 a composite number?
True
Is 42509 prime?
True
Is 111642863 prime?
True
Is 3924589 prime?
False
Is 40493183 composite?
True
Is 17784587 a prime number?
True
Is 144226193 a composite number?
True
Is 13238207 a prime number?
True
Is 484242167 a composite number?
False
Is 2309123 prime?
True
Is 7488101 prime?
True
Is 7827101 composite?
False
Is 122764403 a composite number?
False
Is 3236621 composite?
False
Is 238141 prime?
True
Is 28251733 composite?
False
Is 21020011 a prime number?
True
Is 25752211 prime?
False
Is 1295711 a composite number?
False
Is 24559 prime?
False
Is 30838099 a prime number?
False
Is 334890449 composite?
False
Is 2483381 prime?
True
Is 1180631 prime?
True
Is 16730983 a composite number?
False
Is 3095237 a composite number?
False
Is 4939555 prime?
False
Is 99418079 composite?
False
Is 45078757 a prime number?
True
Is 18577943 a composite number?
False
Is 144910117 a composite number?
True
Is 18708127 a prime number?
False
Is 16669559 a composite number?
False
Is 3651787 composite?
True
Is 4472119 a composite number?
True
Is 84037901 prime?
True
Is 21784883 a composite number?
False
Is 6043943 a composite number?
False
Is 3639353 composite?
True
Is 115738039 prime?
False
Is 64107347 prime?
False
Is 178098491 a prime number?
True
Is 5752187 prime?
False
Is 4690451 a prime number?
True
Is 382282987 composite?
False
Is 7132723 prime?
False
Is 26478293 a composite number?
False
Is 3391279 a prime number?
False
Is 2267399 a composite number?
False
Is 367468063 prime?
False
Is 67633 a composite number?
True
Is 123385 composite?
True
Is 207424487 composite?
False
Is 17677379 a prime number?
False
Is 4400887 a composite number?
True
Is 6695321 composite?
False
Is 558024791 prime?
True
Is 251728829 a composite number?
True
Is 1073491 prime?
True
Is 5610533 a composite number?
True
Is 14010779 prime?
True
Is 350670317 prime?
True
Is 2312707 a composite number?
False
Is 5